{"id":163,"date":"2025-11-30T17:58:12","date_gmt":"2025-11-30T16:58:12","guid":{"rendered":"https:\/\/finansowysprint.pl\/?page_id=163"},"modified":"2026-01-12T13:58:04","modified_gmt":"2026-01-12T12:58:04","slug":"polityka-prywatnosci","status":"publish","type":"page","link":"https:\/\/finansowysprint.pl\/index.php\/polityka-prywatnosci\/","title":{"rendered":"Polityka Prywatno\u015bci"},"content":{"rendered":"\n<h2 class=\"wp-block-heading\">Polityka Prywatno\u015bci<\/h2>\n\n\n\n<div style=\"height:100px\" aria-hidden=\"true\" class=\"wp-block-spacer\"><\/div>\n\n\n\n<p>Data ostatniej aktualizacji: 2025-12-31<\/p>\n\n\n\n<p><strong>Strona<\/strong>&#8211; oznacza stron\u0119 internetow\u0105 pod adresem www.finansowysprint.pl<br>Szanujemy Twoje prawo do prywatno\u015bci i zobowi\u0105zujemy si\u0119 do ochrony danych osobowych, kt\u00f3re nam powierzysz. Niniejsza Polityka Prywatno\u015bci ma na celu wyja\u015bnienie, w jaki spos\u00f3b gromadzimy, przetwarzamy i przechowujemy Twoje dane osobowe w zwi\u0105zku z korzystaniem z naszej Strony i jakie masz prawa do kontroli tych informacji.<\/p>\n\n\n\n<p><br><strong>Czym jest RODO?<\/strong><br>RODO (ang. General Data Protection Regulation) to unijne rozporz\u0105dzenie, kt\u00f3re wesz\u0142o w \u017cycie 25 maja 2018 r. Jego zadaniem jest regulacja post\u0119powania z danymi osobowymi w ca\u0142ej Europie. Dotyczy ono m.in. ochrony informacji na Tw\u00f3j temat, kt\u00f3re nam przekazujesz. Twoje dane osobowe s\u0105 nam potrzebne do poznania twoich zapotrzebowani na nasz\u0105 Us\u0142ug\u0119<\/p>\n\n\n\n<h2 class=\"wp-block-heading\">Kto jest administratorem Twoich danych osobowych?<\/h2>\n\n\n\n<p>Administratorem Twoich danych osobowych jest Magdalena Zawisza, podmiot prowadz\u0105cy dzia\u0142alno\u015b\u0107 gospodarcz\u0105 pod firm\u0105 Magdalena Zawisza, wpisany do rejestru przedsi\u0119biorc\u00f3w Centralnej Ewidencji i Informacji o Dzia\u0142alno\u015bci Gospodarczej prowadzonej przez Ministra w\u0142a\u015bciwego ds. Gospodarki NIP: 5252944890, , REGON: 524535244, email: magda@finansowysprint.pl<\/p>\n\n\n\n<h2 class=\"wp-block-heading\">Jakie dane zbieramy?<\/h2>\n\n\n\n<p>Dane osobowe stanowi\u0105 wszelkie informacje, pozwalaj\u0105ce na Twoj\u0105 identyfikacj\u0119. Podczas korzystania z Naszej Strony, mo\u017cemy zbiera\u0107 przyk\u0142adowe dane osobowe, szczeg\u00f3lnie dane przes\u0142ane przez formularz kontaktowy na stronie w zak\u0142adce \u201eSkontaktuj si\u0119\u201d:<br>Dane kontaktowe: imi\u0119, nazwisko, adres e-mail, numer telefonu, nazwa firmy , NIP, REGON.<br>Dane adresowe: adres do wysy\u0142ki (ulica, kod pocztowy, miasto, kraj).<br>Dane o urz\u0105dzeniu: adres IP, rodzaj urz\u0105dzenia, przegl\u0105darka internetowa, system operacyjny.<br>Dane zwi\u0105zane z zam\u00f3wieniami: historia zam\u00f3wie\u0144, status realizacji, dane o dostawie.<br>Zbierane dane to r\u00f3wnie\u017c informacje w zakresie plik\u00f3w cookie (popularnych ciasteczek)<\/p>\n\n\n\n<h2 class=\"wp-block-heading\">Cel i podstawy przetwarzania danych osobowych<\/h2>\n\n\n\n<p>Twoje dane osobowe s\u0105 przetwarzane w nast\u0119puj\u0105cych celach:<br>Realizacja umowy sprzeda\u017cy us\u0142ug: Przetwarzamy Twoje dane w celu realizacji zam\u00f3wie\u0144, wystawiania faktur, dostarczania us\u0142ug, a tak\u017ce obs\u0142ugi reklamacji.<br>Wype\u0142nianie obowi\u0105zk\u00f3w prawnych: Twoje dane mog\u0105 by\u0107 przetwarzane w celu wype\u0142nienia obowi\u0105zk\u00f3w prawnych, w szczeg\u00f3lno\u015bci przepis\u00f3w podatkowych i rachunkowych, np. zwi\u0105zanych z obowi\u0105zkiem przechowywania czy wystawiania faktur.<br>Przekazanie nam danych osobowych jest dobrowolne, ale bez niego nie b\u0119dziemy mogli podj\u0105\u0107 analizy i wsp\u00f3\u0142pracy.<\/p>\n\n\n\n<h2 class=\"wp-block-heading\">Jak d\u0142ugo przechowujemy Twoje dane?<\/h2>\n\n\n\n<p>Twoje dane osobowe przechowujemy przez okres niezb\u0119dny do realizacji cel\u00f3w, w kt\u00f3rych zosta\u0142y zebrane. Po zako\u0144czeniu tego okresu dane s\u0105 usuwane lub anonimizowane, z wyj\u0105tkiem przypadk\u00f3w, w kt\u00f3rych przepisy prawa wymagaj\u0105 ich dalszego przechowywania (np. dane dotycz\u0105ce transakcji) lub naszego prawnie usprawiedliwionego interesu. Szczeg\u00f3\u0142owe informacje o okresach przechowywania danych przewidziane s\u0105 w przepisach podatkowych, prawa cywilnego oraz przepis\u00f3w o rachunkowo\u015bci.<\/p>\n\n\n\n<h2 class=\"wp-block-heading\">Jakie masz prawa w zwi\u0105zku z przetwarzaniem danych?<\/h2>\n\n\n\n<p>Na podstawie przepis\u00f3w tzw. RODO masz prawo do:<\/p>\n\n\n\n<ul class=\"wp-block-list\">\n<li>Dost\u0119pu do danych: Mo\u017cesz za\u017c\u0105da\u0107 informacji o przetwarzanych przez nas danych osobowych.<\/li>\n\n\n\n<li>Sprostowania danych: Mo\u017cesz \u017c\u0105da\u0107 poprawienia lub uzupe\u0142nienia danych, je\u015bli s\u0105 one niekompletne lub nieaktualne.<\/li>\n\n\n\n<li>Usuni\u0119cia danych: Mo\u017cesz za\u017c\u0105da\u0107 usuni\u0119cia swoich danych, je\u015bli nie s\u0105 one ju\u017c potrzebne do cel\u00f3w, dla kt\u00f3rych zosta\u0142y zebrane.<\/li>\n\n\n\n<li>Ograniczenia przetwarzania: Mo\u017cesz \u017c\u0105da\u0107 ograniczenia przetwarzania danych w okre\u015blonych sytuacjach.<\/li>\n\n\n\n<li>Przenoszenia danych: Masz prawo do przenoszenia danych, kt\u00f3re dostarczy\u0142e\u015b, w przypadku gdy przetwarzanie odbywa si\u0119 na podstawie zgody lub umowy.<\/li>\n\n\n\n<li>Wniesienia sprzeciwu: Masz prawo do wniesienia sprzeciwu wobec przetwarzania Twoich danych osobowych, w tym w celach marketingowych.<\/li>\n\n\n\n<li>Wycofania zgody: Je\u017celi przetwarzanie danych odbywa si\u0119 na podstawie Twojej zgody, mo\u017cesz j\u0105 w dowolnym momencie wycofa\u0107.<\/li>\n\n\n\n<li>Aby skorzysta\u0107 ze swoich praw, skontaktuj si\u0119 z nami pod adresem e-mail: magda@finansowysprint.pl<\/li>\n<\/ul>\n\n\n\n<p>W razie zg\u0142oszenia nam mailowo \u017c\u0105dania, co do zasady, bez zb\u0119dnej zw\u0142oki , jednak\u017ce nie p\u00f3\u017aniej ni\u017c , w terminie miesi\u0105ca od otrzymania \u017c\u0105dania \u2013 udzielimy Ci informacji o dzia\u0142aniach podj\u0119tych w zwi\u0105zku ze zg\u0142oszonym przez Ciebie \u017c\u0105daniem.<br>W razie potrzeby mo\u017cemy wyd\u0142u\u017cy\u0107 termin miesi\u0119czny o kolejne dwa miesi\u0105ce z uwagi na skomplikowany charakter \u017c\u0105dania lub liczb\u0119 \u017c\u0105da\u0144.<br>W ka\u017cdym wypadku poinformujemy Ciebie w terminie miesi\u0105ca od otrzymania \u017c\u0105dania o przed\u0142u\u017ceniu terminu i podamy Tobie przyczyny op\u00f3\u017anienia.<\/p>\n\n\n\n<h2 class=\"wp-block-heading\">Bezpiecze\u0144stwo danych<\/h2>\n\n\n\n<p>Dok\u0142adamy wszelkich stara\u0144, aby Twoje dane by\u0142y bezpieczne. Stosujemy odpowiednie \u015brodki techniczne i organizacyjne, aby zapobiec nieuprawnionemu dost\u0119powi do Twoich danych oraz ich utracie, zniszczeniu czy nieautoryzowanej modyfikacji.<br>Starannie dobieramy i stosujemy odpowiednie \u015brodki techniczne, w szczeg\u00f3lno\u015bci te o charakterze programistycznym i organizacyjnym, zapewniaj\u0105ce ochron\u0119 przetwarzanych danych osobowych. Nasza Strona u\u017cywa szyfrowanej transmisji danych (SSL), co zapewnia ochron\u0119 identyfikuj\u0105cych Ci\u0119 danych.<\/p>\n\n\n\n<h2 class=\"wp-block-heading\">Pliki &#8222;Cookies&#8221;<\/h2>\n\n\n\n<p>Wszelkie prawa do ca\u0142ej zawarto\u015bci Strony internetowej s\u0105 zastrze\u017cone. W\u0142a\u015bciciel Strony zastrzega sobie prawo do wprowadzania zmian w cz\u0119\u015bci lub ca\u0142o\u015bci serwisu bez uprzedzenia.<br>Niniejsza polityka cookies dotyczy us\u0142ug oferowanych w ramach strony www.finansowysprint.pl . Nie zbieramy w spos\u00f3b automatyczny \u017cadnych informacji, z wyj\u0105tkiem informacji zawartych w plikach cookies.<br>Podczas przegl\u0105dania Stron internetowych u\u017cywane s\u0105 pliki &#8222;cookies&#8221;, zwane dalej Cookies, czyli niewielkie informacje tekstowe, kt\u00f3re s\u0105 zapisywane w Twoim urz\u0105dzeniu ko\u0144cowym w zwi\u0105zku z korzystaniem ze Strony. Ich stosowanie ma na celu poprawne dzia\u0142anie Stron internetowych.<br>Pliki te pozwalaj\u0105 zidentyfikowa\u0107 oprogramowanie wykorzystywane przez Ciebie i dostosowa\u0107 zawarto\u015b\u0107 wy\u015bwietlan\u0105 na Stronie indywidualnie do Twoich potrzeb. Pliki te pomagaj\u0105 te\u017c tworzy\u0107 statystyki, kt\u00f3re pomagaj\u0105 zrozumie\u0107, w jaki spos\u00f3b korzystasz ze Strony, co umo\u017cliwia ulepszanie struktury Strony internetowej i jej zawarto\u015bci<br>Pliki Cookies zazwyczaj zawieraj\u0105 nazw\u0119 domeny, z kt\u00f3rej pochodz\u0105, czas przechowywania ich na urz\u0105dzeniu oraz przypisan\u0105 warto\u015b\u0107.<br>Wykorzystywane s\u0105 a naszej stronie dwa rodzaje plik\u00f3w Cookies:<br><strong>Cookies sesyjne:<\/strong> s\u0105 przechowywane na Twoim urz\u0105dzeniu i pozostaj\u0105 tam do momentu zako\u0144czenia sesji danej przegl\u0105darki. Zapisane informacje s\u0105 w\u00f3wczas trwale usuwane z pami\u0119ci Twojego urz\u0105dzenia. Mechanizm Cookies sesyjnych nie pozwala na pobieranie jakichkolwiek danych osobowych ani \u017cadnych informacji poufnych z Twojego urz\u0105dzenia.<br><strong>Cookies trwa\u0142e:<\/strong> s\u0105 przechowywane na Twoim urz\u0105dzeniu i pozostaj\u0105 tam do momentu ich skasowania. Zako\u0144czenie sesji danej przegl\u0105darki lub wy\u0142\u0105czenie urz\u0105dzenia nie powoduje ich usuni\u0119cia z Twojego urz\u0105dzenia. Mechanizm Cookies trwa\u0142ych nie pozwala na pobieranie jakichkolwiek danych osobowych ani \u017cadnych informacji poufnych z Twojego urz\u0105dzenia.<br>W wielu przypadkach oprogramowanie s\u0142u\u017c\u0105ce do przegl\u0105dania stron internetowych (przegl\u0105darka internetowa) domy\u015blnie dopuszcza przechowywanie plik\u00f3w cookies w urz\u0105dzeniu ko\u0144cowym osoby odwiedzaj\u0105cej stron\u0119 internetow\u0105. Mo\u017cesz samodzielnie i ka\u017cdym czasie dokona\u0107 zmiany ustawie\u0144 dotycz\u0105cych plik\u00f3w Cookies, okre\u015blaj\u0105c warunki ich przechowywania i uzyskiwania dost\u0119pu przez Cookies do Twojego urz\u0105dzenia . Ustawienia te mo\u017cesz zmieni\u0107 tak, aby na przyk\u0142ad blokowa\u0107 automatyczn\u0105 obs\u0142ug\u0119 Cookies w ustawieniach przegl\u0105darki internetowej. Szczeg\u00f3\u0142owe informacje o mo\u017cliwo\u015bci i sposobach obs\u0142ugi Cookies znajdziesz w sekcji ustawie\u0144 Twojego oprogramowania (przegl\u0105darki internetowej).<br>Operator Strony \u2013informuje, \u017ce ograniczenia w stosowaniu plik\u00f3w cookies mog\u0105 wp\u0142yn\u0105\u0107 na niekt\u00f3re funkcjonalno\u015bci dost\u0119pne na stronach internetowych.<\/p>\n\n\n\n<h2 class=\"wp-block-heading\">Zmiany w Polityce Prywatno\u015bci<\/h2>\n\n\n\n<p>Zastrzegamy sobie prawo do wprowadzania zmian w Polityce Prywatno\u015bci. O ka\u017cdej zmianie poinformujemy Ci\u0119 poprzez umieszczenie zaktualizowanej wersji Polityki Prywatno\u015bci na naszej Stronie internetowej.<\/p>\n\n\n\n<h2 class=\"wp-block-heading\">Kontakt<\/h2>\n\n\n\n<p>W razie jakichkolwiek pyta\u0144 dotycz\u0105cych przetwarzania danych osobowych, skontaktuj si\u0119 z nami:<\/p>\n\n\n\n<p>Email: magda@finansowysprint.pl<br>Telefon: +48538243651<br>Adres korespondencyjny: Trakt Lubelski 183B\/23 , 04-766 Warszawa<\/p>\n\n\n\n<div class=\"wp-block-buttons is-content-justification-left is-layout-flex wp-container-core-buttons-is-layout-fc4fd283 wp-block-buttons-is-layout-flex\">\n<div class=\"wp-block-button\"><a class=\"wp-block-button__link wp-element-button\" href=\"https:\/\/finansowysprint.pl\/index.php\/kontakt\/\">Kontakt<\/a><\/div>\n<\/div>\n\n\n\n<p><\/p>\n","protected":false},"excerpt":{"rendered":"<p>Polityka Prywatno\u015bci Data ostatniej aktualizacji: 2025-12-31 Strona&#8211; oznacza stron\u0119 internetow\u0105 pod adresem www.finansowysprint.plSzanujemy Twoje prawo do prywatno\u015bci i zobowi\u0105zujemy si\u0119 do ochrony danych osobowych, kt\u00f3re nam powierzysz. Niniejsza Polityka Prywatno\u015bci ma na celu wyja\u015bnienie, w jaki spos\u00f3b gromadzimy, przetwarzamy i przechowujemy Twoje dane osobowe w zwi\u0105zku z korzystaniem z naszej [&hellip;]<\/p>\n","protected":false},"author":1,"featured_media":313,"parent":0,"menu_order":0,"comment_status":"closed","ping_status":"closed","template":"","meta":{"footnotes":""},"class_list":["post-163","page","type-page","status-publish","has-post-thumbnail","hentry"],"yoast_head":"<!-- This site is optimized with the Yoast SEO plugin v26.7 - https:\/\/yoast.com\/wordpress\/plugins\/seo\/ -->\n<title>Polityka Prywatno\u015bci -<\/title>\n<meta name=\"robots\" content=\"index, follow, max-snippet:-1, max-image-preview:large, max-video-preview:-1\" \/>\n<link rel=\"canonical\" href=\"https:\/\/finansowysprint.pl\/index.php\/polityka-prywatnosci\/\" \/>\n<meta property=\"og:locale\" content=\"pl_PL\" \/>\n<meta property=\"og:type\" content=\"article\" \/>\n<meta property=\"og:title\" content=\"Polityka Prywatno\u015bci -\" \/>\n<meta property=\"og:description\" content=\"Polityka Prywatno\u015bci Data ostatniej aktualizacji: 2025-12-31 Strona&#8211; oznacza stron\u0119 internetow\u0105 pod adresem www.finansowysprint.plSzanujemy Twoje prawo do prywatno\u015bci i zobowi\u0105zujemy si\u0119 do ochrony danych osobowych, kt\u00f3re nam powierzysz. Niniejsza Polityka Prywatno\u015bci ma na celu wyja\u015bnienie, w jaki spos\u00f3b gromadzimy, przetwarzamy i przechowujemy Twoje dane osobowe w zwi\u0105zku z korzystaniem z naszej [&hellip;]\" \/>\n<meta property=\"og:url\" content=\"https:\/\/finansowysprint.pl\/index.php\/polityka-prywatnosci\/\" \/>\n<meta property=\"article:modified_time\" content=\"2026-01-12T12:58:04+00:00\" \/>\n<meta property=\"og:image\" content=\"https:\/\/finansowysprint.pl\/wp-content\/uploads\/2026\/01\/ewantulani-etlo-stojace-calosc-mini-biurowce.jpg\" \/>\n\t<meta property=\"og:image:width\" content=\"1667\" \/>\n\t<meta property=\"og:image:height\" content=\"648\" \/>\n\t<meta property=\"og:image:type\" content=\"image\/jpeg\" \/>\n<meta name=\"twitter:card\" content=\"summary_large_image\" \/>\n<meta name=\"twitter:label1\" content=\"Szacowany czas czytania\" \/>\n\t<meta name=\"twitter:data1\" content=\"6 minut\" \/>\n<script type=\"application\/ld+json\" class=\"yoast-schema-graph\">{\"@context\":\"https:\/\/schema.org\",\"@graph\":[{\"@type\":\"WebPage\",\"@id\":\"https:\/\/finansowysprint.pl\/index.php\/polityka-prywatnosci\/\",\"url\":\"https:\/\/finansowysprint.pl\/index.php\/polityka-prywatnosci\/\",\"name\":\"Polityka Prywatno\u015bci -\",\"isPartOf\":{\"@id\":\"https:\/\/finansowysprint.pl\/#website\"},\"primaryImageOfPage\":{\"@id\":\"https:\/\/finansowysprint.pl\/index.php\/polityka-prywatnosci\/#primaryimage\"},\"image\":{\"@id\":\"https:\/\/finansowysprint.pl\/index.php\/polityka-prywatnosci\/#primaryimage\"},\"thumbnailUrl\":\"https:\/\/finansowysprint.pl\/wp-content\/uploads\/2026\/01\/ewantulani-etlo-stojace-calosc-mini-biurowce.jpg\",\"datePublished\":\"2025-11-30T16:58:12+00:00\",\"dateModified\":\"2026-01-12T12:58:04+00:00\",\"breadcrumb\":{\"@id\":\"https:\/\/finansowysprint.pl\/index.php\/polityka-prywatnosci\/#breadcrumb\"},\"inLanguage\":\"pl-PL\",\"potentialAction\":[{\"@type\":\"ReadAction\",\"target\":[\"https:\/\/finansowysprint.pl\/index.php\/polityka-prywatnosci\/\"]}]},{\"@type\":\"ImageObject\",\"inLanguage\":\"pl-PL\",\"@id\":\"https:\/\/finansowysprint.pl\/index.php\/polityka-prywatnosci\/#primaryimage\",\"url\":\"https:\/\/finansowysprint.pl\/wp-content\/uploads\/2026\/01\/ewantulani-etlo-stojace-calosc-mini-biurowce.jpg\",\"contentUrl\":\"https:\/\/finansowysprint.pl\/wp-content\/uploads\/2026\/01\/ewantulani-etlo-stojace-calosc-mini-biurowce.jpg\",\"width\":1667,\"height\":648},{\"@type\":\"BreadcrumbList\",\"@id\":\"https:\/\/finansowysprint.pl\/index.php\/polityka-prywatnosci\/#breadcrumb\",\"itemListElement\":[{\"@type\":\"ListItem\",\"position\":1,\"name\":\"Strona g\u0142\u00f3wna\",\"item\":\"https:\/\/finansowysprint.pl\/\"},{\"@type\":\"ListItem\",\"position\":2,\"name\":\"Polityka Prywatno\u015bci\"}]},{\"@type\":\"WebSite\",\"@id\":\"https:\/\/finansowysprint.pl\/#website\",\"url\":\"https:\/\/finansowysprint.pl\/\",\"name\":\"Kontroler Finansowy na godziny\",\"description\":\"\",\"potentialAction\":[{\"@type\":\"SearchAction\",\"target\":{\"@type\":\"EntryPoint\",\"urlTemplate\":\"https:\/\/finansowysprint.pl\/?s={search_term_string}\"},\"query-input\":{\"@type\":\"PropertyValueSpecification\",\"valueRequired\":true,\"valueName\":\"search_term_string\"}}],\"inLanguage\":\"pl-PL\"}]}<\/script>\n<!-- \/ Yoast SEO plugin. -->","yoast_head_json":{"title":"Polityka Prywatno\u015bci -","robots":{"index":"index","follow":"follow","max-snippet":"max-snippet:-1","max-image-preview":"max-image-preview:large","max-video-preview":"max-video-preview:-1"},"canonical":"https:\/\/finansowysprint.pl\/index.php\/polityka-prywatnosci\/","og_locale":"pl_PL","og_type":"article","og_title":"Polityka Prywatno\u015bci -","og_description":"Polityka Prywatno\u015bci Data ostatniej aktualizacji: 2025-12-31 Strona&#8211; oznacza stron\u0119 internetow\u0105 pod adresem www.finansowysprint.plSzanujemy Twoje prawo do prywatno\u015bci i zobowi\u0105zujemy si\u0119 do ochrony danych osobowych, kt\u00f3re nam powierzysz. Niniejsza Polityka Prywatno\u015bci ma na celu wyja\u015bnienie, w jaki spos\u00f3b gromadzimy, przetwarzamy i przechowujemy Twoje dane osobowe w zwi\u0105zku z korzystaniem z naszej [&hellip;]","og_url":"https:\/\/finansowysprint.pl\/index.php\/polityka-prywatnosci\/","article_modified_time":"2026-01-12T12:58:04+00:00","og_image":[{"width":1667,"height":648,"url":"https:\/\/finansowysprint.pl\/wp-content\/uploads\/2026\/01\/ewantulani-etlo-stojace-calosc-mini-biurowce.jpg","type":"image\/jpeg"}],"twitter_card":"summary_large_image","twitter_misc":{"Szacowany czas czytania":"6 minut"},"schema":{"@context":"https:\/\/schema.org","@graph":[{"@type":"WebPage","@id":"https:\/\/finansowysprint.pl\/index.php\/polityka-prywatnosci\/","url":"https:\/\/finansowysprint.pl\/index.php\/polityka-prywatnosci\/","name":"Polityka Prywatno\u015bci -","isPartOf":{"@id":"https:\/\/finansowysprint.pl\/#website"},"primaryImageOfPage":{"@id":"https:\/\/finansowysprint.pl\/index.php\/polityka-prywatnosci\/#primaryimage"},"image":{"@id":"https:\/\/finansowysprint.pl\/index.php\/polityka-prywatnosci\/#primaryimage"},"thumbnailUrl":"https:\/\/finansowysprint.pl\/wp-content\/uploads\/2026\/01\/ewantulani-etlo-stojace-calosc-mini-biurowce.jpg","datePublished":"2025-11-30T16:58:12+00:00","dateModified":"2026-01-12T12:58:04+00:00","breadcrumb":{"@id":"https:\/\/finansowysprint.pl\/index.php\/polityka-prywatnosci\/#breadcrumb"},"inLanguage":"pl-PL","potentialAction":[{"@type":"ReadAction","target":["https:\/\/finansowysprint.pl\/index.php\/polityka-prywatnosci\/"]}]},{"@type":"ImageObject","inLanguage":"pl-PL","@id":"https:\/\/finansowysprint.pl\/index.php\/polityka-prywatnosci\/#primaryimage","url":"https:\/\/finansowysprint.pl\/wp-content\/uploads\/2026\/01\/ewantulani-etlo-stojace-calosc-mini-biurowce.jpg","contentUrl":"https:\/\/finansowysprint.pl\/wp-content\/uploads\/2026\/01\/ewantulani-etlo-stojace-calosc-mini-biurowce.jpg","width":1667,"height":648},{"@type":"BreadcrumbList","@id":"https:\/\/finansowysprint.pl\/index.php\/polityka-prywatnosci\/#breadcrumb","itemListElement":[{"@type":"ListItem","position":1,"name":"Strona g\u0142\u00f3wna","item":"https:\/\/finansowysprint.pl\/"},{"@type":"ListItem","position":2,"name":"Polityka Prywatno\u015bci"}]},{"@type":"WebSite","@id":"https:\/\/finansowysprint.pl\/#website","url":"https:\/\/finansowysprint.pl\/","name":"Kontroler Finansowy na godziny","description":"","potentialAction":[{"@type":"SearchAction","target":{"@type":"EntryPoint","urlTemplate":"https:\/\/finansowysprint.pl\/?s={search_term_string}"},"query-input":{"@type":"PropertyValueSpecification","valueRequired":true,"valueName":"search_term_string"}}],"inLanguage":"pl-PL"}]}},"_links":{"self":[{"href":"https:\/\/finansowysprint.pl\/index.php\/wp-json\/wp\/v2\/pages\/163","targetHints":{"allow":["GET"]}}],"collection":[{"href":"https:\/\/finansowysprint.pl\/index.php\/wp-json\/wp\/v2\/pages"}],"about":[{"href":"https:\/\/finansowysprint.pl\/index.php\/wp-json\/wp\/v2\/types\/page"}],"author":[{"embeddable":true,"href":"https:\/\/finansowysprint.pl\/index.php\/wp-json\/wp\/v2\/users\/1"}],"replies":[{"embeddable":true,"href":"https:\/\/finansowysprint.pl\/index.php\/wp-json\/wp\/v2\/comments?post=163"}],"version-history":[{"count":5,"href":"https:\/\/finansowysprint.pl\/index.php\/wp-json\/wp\/v2\/pages\/163\/revisions"}],"predecessor-version":[{"id":315,"href":"https:\/\/finansowysprint.pl\/index.php\/wp-json\/wp\/v2\/pages\/163\/revisions\/315"}],"wp:featuredmedia":[{"embeddable":true,"href":"https:\/\/finansowysprint.pl\/index.php\/wp-json\/wp\/v2\/media\/313"}],"wp:attachment":[{"href":"https:\/\/finansowysprint.pl\/index.php\/wp-json\/wp\/v2\/media?parent=163"}],"curies":[{"name":"wp","href":"https:\/\/api.w.org\/{rel}","templated":true}]}}